{"id":231213,"date":"2026-02-13T10:58:54","date_gmt":"2026-02-13T10:58:54","guid":{"rendered":"https:\/\/priceless-carson.188-95-114-7.plesk.page\/autoroutes-ferroviaires\/"},"modified":"2026-04-15T12:34:37","modified_gmt":"2026-04-15T12:34:37","slug":"autoroutes-ferroviaires","status":"publish","type":"page","link":"https:\/\/distracted-northcutt.31-24-154-105.plesk.page\/fr\/autoroutes-ferroviaires\/","title":{"rendered":"Autoroutes ferroviaires"},"content":{"rendered":"<p>[et_pb_section fb_built=\u00a0\u00bb1&Prime; custom_padding_last_edited=\u00a0\u00bbon|phone\u00a0\u00bb _builder_version=\u00a0\u00bb4.27.4&Prime; background_enable_color=\u00a0\u00bboff\u00a0\u00bb use_background_color_gradient=\u00a0\u00bbon\u00a0\u00bb background_color_gradient_direction=\u00a0\u00bb169deg\u00a0\u00bb background_color_gradient_stops=\u00a0\u00bb#000000 0%|rgba(0, 0, 0, 0.67) 0%|rgba(0, 0, 0, 0.58) 80%|rgba(0, 0, 0, 0.65) 100%\u00a0\u00bb background_color_gradient_overlays_image=\u00a0\u00bbon\u00a0\u00bb background_image=\u00a0\u00bbhttps:\/\/distracted-northcutt.31-24-154-105.plesk.page\/wp-content\/uploads\/2026\/01\/logistica-transpirenaica-1.jpg\u00a0\u00bb custom_padding=\u00a0\u00bb130px||130px||true|false\u00a0\u00bb custom_padding_tablet=\u00a0\u00bb\u00a0\u00bb custom_padding_phone=\u00a0\u00bb150px||80px||false|false\u00a0\u00bb locked=\u00a0\u00bboff\u00a0\u00bb global_colors_info=\u00a0\u00bb{}\u00a0\u00bb][et_pb_row use_custom_gutter=\u00a0\u00bbon\u00a0\u00bb gutter_width=\u00a0\u00bb2&Prime; make_equal=\u00a0\u00bbon\u00a0\u00bb _builder_version=\u00a0\u00bb4.27.4&Prime; width_tablet=\u00a0\u00bb90%\u00a0\u00bb width_phone=\u00a0\u00bb90%\u00a0\u00bb width_last_edited=\u00a0\u00bboff|desktop\u00a0\u00bb max_width_tablet=\u00a0\u00bb90%\u00a0\u00bb max_width_phone=\u00a0\u00bb90%\u00a0\u00bb max_width_last_edited=\u00a0\u00bboff|desktop\u00a0\u00bb module_alignment=\u00a0\u00bbcenter\u00a0\u00bb custom_margin=\u00a0\u00bb|auto||auto|false|false\u00a0\u00bb custom_padding=\u00a0\u00bb||||false|false\u00a0\u00bb global_colors_info=\u00a0\u00bb{}\u00a0\u00bb][et_pb_column type=\u00a0\u00bb4_4&Prime; _builder_version=\u00a0\u00bb4.16&Prime; global_colors_info=\u00a0\u00bb{}\u00a0\u00bb][et_pb_text _builder_version=\u00a0\u00bb4.27.4&Prime; _module_preset=\u00a0\u00bbdefault\u00a0\u00bb header_font=\u00a0\u00bb&#8211;et_global_heading_font|800||on|||||\u00a0\u00bb header_text_align=\u00a0\u00bbcenter\u00a0\u00bb header_text_color=\u00a0\u00bb#FFFFFF\u00a0\u00bb header_font_size=\u00a0\u00bb44px\u00a0\u00bb header_line_height=\u00a0\u00bb1.3em\u00a0\u00bb hover_enabled=\u00a0\u00bb0&Prime; global_colors_info=\u00a0\u00bb{}\u00a0\u00bb sticky_enabled=\u00a0\u00bb0&Prime;]<\/p>\n<h1>Autoroutes ferroviaires<\/h1>\n<p>[\/et_pb_text][\/et_pb_column][\/et_pb_row][\/et_pb_section][et_pb_section fb_built=\u00a0\u00bb1&Prime; _builder_version=\u00a0\u00bb4.27.4&Prime; _module_preset=\u00a0\u00bbdefault\u00a0\u00bb custom_padding=\u00a0\u00bb24px||17px|||\u00a0\u00bb global_colors_info=\u00a0\u00bb{}\u00a0\u00bb][et_pb_row _builder_version=\u00a0\u00bb4.27.4&Prime; _module_preset=\u00a0\u00bbdefault\u00a0\u00bb custom_padding=\u00a0\u00bb14px|||||\u00a0\u00bb global_colors_info=\u00a0\u00bb{}\u00a0\u00bb][et_pb_column type=\u00a0\u00bb4_4&Prime; _builder_version=\u00a0\u00bb4.27.4&Prime; _module_preset=\u00a0\u00bbdefault\u00a0\u00bb global_colors_info=\u00a0\u00bb{}\u00a0\u00bb][et_pb_text _builder_version=\u00a0\u00bb4.27.4&Prime; _module_preset=\u00a0\u00bbdefault\u00a0\u00bb header_2_line_height=\u00a0\u00bb1.3em\u00a0\u00bb text_orientation=\u00a0\u00bbjustified\u00a0\u00bb global_colors_info=\u00a0\u00bb{}\u00a0\u00bb]<\/p>\n<p>Le d\u00e9ploiement de l&rsquo;AAFF fait partie de l&rsquo;ensemble des actions mises en place par l&rsquo;ADIF pour augmenter le transport ferroviaire de marchandises en Espagne, conform\u00e9ment \u00e0 son plan strat\u00e9gique 2030, la strat\u00e9gie de mobilit\u00e9 s\u00fbre, durable et connect\u00e9e 2030 dont la vision est de \u00ab\u00a0faire de la mobilit\u00e9 un droit, un \u00e9l\u00e9ment de la coh\u00e9sion sociale et de la croissance \u00e9conomique\u00a0\u00bb approuv\u00e9e en d\u00e9cembre 2021.<\/p>\n<p>\u00c0 l&rsquo;horizon 2030, cette strat\u00e9gie, ainsi que l&rsquo;agenda urbain espagnol, serviront de base aux politiques de mobilit\u00e9 du MTMS au cours des dix prochaines ann\u00e9es.<\/p>\n<p>En outre, en mai 2022 et conform\u00e9ment aux propositions de l&rsquo;axe 6 de la strat\u00e9gie, l&rsquo;initiative Mercanc\u00edas 30 sera lanc\u00e9e, qui vise \u00e0 promouvoir le transport ferroviaire de marchandises en tant qu&rsquo;\u00e9pine dorsale des cha\u00eenes logistiques multimodales.<\/p>\n<p>[\/et_pb_text][et_pb_image src=\u00a0\u00bbhttps:\/\/distracted-northcutt.31-24-154-105.plesk.page\/wp-content\/uploads\/2026\/02\/autopistas-ferroviaria-2.jpg\u00a0\u00bb title_text=\u00a0\u00bbautoroutes-railways-2&Prime; show_in_lightbox=\u00a0\u00bbon\u00a0\u00bb _builder_version=\u00a0\u00bb4.27.4&Prime; _module_preset=\u00a0\u00bbdefault\u00a0\u00bb global_colors_info=\u00a0\u00bb{}\u00a0\u00bb][\/et_pb_image][et_pb_image src=\u00a0\u00bbhttps:\/\/distracted-northcutt.31-24-154-105.plesk.page\/wp-content\/uploads\/2026\/02\/autopistas-ferroviaria-1.jpg\u00a0\u00bb title_text=\u00a0\u00bbautoroutes-railways-1&Prime; show_in_lightbox=\u00a0\u00bbon\u00a0\u00bb _builder_version=\u00a0\u00bb4.27.4&Prime; _module_preset=\u00a0\u00bbdefault\u00a0\u00bb global_colors_info=\u00a0\u00bb{}\u00a0\u00bb][\/et_pb_image][\/et_pb_column][\/et_pb_row][\/et_pb_section]<\/p>\n","protected":false},"excerpt":{"rendered":"<p>Autoroutes ferroviairesLe d\u00e9ploiement de l&rsquo;AAFF fait partie de l&rsquo;ensemble des actions mises en place par l&rsquo;ADIF pour augmenter le transport ferroviaire de marchandises en Espagne, [&hellip;]<\/p>\n","protected":false},"author":2,"featured_media":0,"parent":0,"menu_order":0,"comment_status":"closed","ping_status":"closed","template":"","meta":{"_et_pb_use_builder":"on","_et_pb_old_content":"","_et_gb_content_width":"","footnotes":""},"class_list":["post-231213","page","type-page","status-publish","hentry"],"yoast_head":"<!-- This site is optimized with the Yoast SEO plugin v27.4 - https:\/\/yoast.com\/product\/yoast-seo-wordpress\/ -->\n<title>Autoroutes ferroviaires - Transpirenaica<\/title>\n<meta name=\"robots\" content=\"noindex, follow, max-snippet:-1, max-image-preview:large, max-video-preview:-1\" \/>\n<meta property=\"og:locale\" content=\"fr_FR\" \/>\n<meta property=\"og:type\" content=\"article\" \/>\n<meta property=\"og:title\" content=\"Autoroutes ferroviaires - Transpirenaica\" \/>\n<meta property=\"og:description\" content=\"Autoroutes ferroviairesLe d\u00e9ploiement de l&#039;AAFF fait partie de l&#039;ensemble des actions mises en place par l&#039;ADIF pour augmenter le transport ferroviaire de marchandises en Espagne, [&hellip;]\" \/>\n<meta property=\"og:url\" content=\"https:\/\/distracted-northcutt.31-24-154-105.plesk.page\/fr\/autoroutes-ferroviaires\/\" \/>\n<meta property=\"og:site_name\" content=\"Transpirenaica\" \/>\n<meta property=\"article:modified_time\" content=\"2026-04-15T12:34:37+00:00\" \/>\n<meta name=\"twitter:card\" content=\"summary_large_image\" \/>\n<meta name=\"twitter:label1\" content=\"Dur\u00e9e de lecture estim\u00e9e\" \/>\n\t<meta name=\"twitter:data1\" content=\"2 minutes\" \/>\n<script type=\"application\/ld+json\" class=\"yoast-schema-graph\">{\"@context\":\"https:\\\/\\\/schema.org\",\"@graph\":[{\"@type\":\"WebPage\",\"@id\":\"https:\\\/\\\/distracted-northcutt.31-24-154-105.plesk.page\\\/fr\\\/autoroutes-ferroviaires\\\/\",\"url\":\"https:\\\/\\\/distracted-northcutt.31-24-154-105.plesk.page\\\/fr\\\/autoroutes-ferroviaires\\\/\",\"name\":\"Autoroutes ferroviaires - Transpirenaica\",\"isPartOf\":{\"@id\":\"https:\\\/\\\/distracted-northcutt.31-24-154-105.plesk.page\\\/fr\\\/#website\"},\"datePublished\":\"2026-02-13T10:58:54+00:00\",\"dateModified\":\"2026-04-15T12:34:37+00:00\",\"breadcrumb\":{\"@id\":\"https:\\\/\\\/distracted-northcutt.31-24-154-105.plesk.page\\\/fr\\\/autoroutes-ferroviaires\\\/#breadcrumb\"},\"inLanguage\":\"fr-FR\",\"potentialAction\":[{\"@type\":\"ReadAction\",\"target\":[\"https:\\\/\\\/distracted-northcutt.31-24-154-105.plesk.page\\\/fr\\\/autoroutes-ferroviaires\\\/\"]}]},{\"@type\":\"BreadcrumbList\",\"@id\":\"https:\\\/\\\/distracted-northcutt.31-24-154-105.plesk.page\\\/fr\\\/autoroutes-ferroviaires\\\/#breadcrumb\",\"itemListElement\":[{\"@type\":\"ListItem\",\"position\":1,\"name\":\"Portada\",\"item\":\"https:\\\/\\\/distracted-northcutt.31-24-154-105.plesk.page\\\/fr\\\/\"},{\"@type\":\"ListItem\",\"position\":2,\"name\":\"Autoroutes ferroviaires\"}]},{\"@type\":\"WebSite\",\"@id\":\"https:\\\/\\\/distracted-northcutt.31-24-154-105.plesk.page\\\/fr\\\/#website\",\"url\":\"https:\\\/\\\/distracted-northcutt.31-24-154-105.plesk.page\\\/fr\\\/\",\"name\":\"Transpirenaica\",\"description\":\"Cooperaci\u00f3n y desarrollo sostenible  en Arag\u00f3n\",\"potentialAction\":[{\"@type\":\"SearchAction\",\"target\":{\"@type\":\"EntryPoint\",\"urlTemplate\":\"https:\\\/\\\/distracted-northcutt.31-24-154-105.plesk.page\\\/fr\\\/?s={search_term_string}\"},\"query-input\":{\"@type\":\"PropertyValueSpecification\",\"valueRequired\":true,\"valueName\":\"search_term_string\"}}],\"inLanguage\":\"fr-FR\"}]}<\/script>\n<!-- \/ Yoast SEO plugin. -->","yoast_head_json":{"title":"Autoroutes ferroviaires - Transpirenaica","robots":{"index":"noindex","follow":"follow","max-snippet":"max-snippet:-1","max-image-preview":"max-image-preview:large","max-video-preview":"max-video-preview:-1"},"og_locale":"fr_FR","og_type":"article","og_title":"Autoroutes ferroviaires - Transpirenaica","og_description":"Autoroutes ferroviairesLe d\u00e9ploiement de l'AAFF fait partie de l'ensemble des actions mises en place par l'ADIF pour augmenter le transport ferroviaire de marchandises en Espagne, [&hellip;]","og_url":"https:\/\/distracted-northcutt.31-24-154-105.plesk.page\/fr\/autoroutes-ferroviaires\/","og_site_name":"Transpirenaica","article_modified_time":"2026-04-15T12:34:37+00:00","twitter_card":"summary_large_image","twitter_misc":{"Dur\u00e9e de lecture estim\u00e9e":"2 minutes"},"schema":{"@context":"https:\/\/schema.org","@graph":[{"@type":"WebPage","@id":"https:\/\/distracted-northcutt.31-24-154-105.plesk.page\/fr\/autoroutes-ferroviaires\/","url":"https:\/\/distracted-northcutt.31-24-154-105.plesk.page\/fr\/autoroutes-ferroviaires\/","name":"Autoroutes ferroviaires - Transpirenaica","isPartOf":{"@id":"https:\/\/distracted-northcutt.31-24-154-105.plesk.page\/fr\/#website"},"datePublished":"2026-02-13T10:58:54+00:00","dateModified":"2026-04-15T12:34:37+00:00","breadcrumb":{"@id":"https:\/\/distracted-northcutt.31-24-154-105.plesk.page\/fr\/autoroutes-ferroviaires\/#breadcrumb"},"inLanguage":"fr-FR","potentialAction":[{"@type":"ReadAction","target":["https:\/\/distracted-northcutt.31-24-154-105.plesk.page\/fr\/autoroutes-ferroviaires\/"]}]},{"@type":"BreadcrumbList","@id":"https:\/\/distracted-northcutt.31-24-154-105.plesk.page\/fr\/autoroutes-ferroviaires\/#breadcrumb","itemListElement":[{"@type":"ListItem","position":1,"name":"Portada","item":"https:\/\/distracted-northcutt.31-24-154-105.plesk.page\/fr\/"},{"@type":"ListItem","position":2,"name":"Autoroutes ferroviaires"}]},{"@type":"WebSite","@id":"https:\/\/distracted-northcutt.31-24-154-105.plesk.page\/fr\/#website","url":"https:\/\/distracted-northcutt.31-24-154-105.plesk.page\/fr\/","name":"Transpirenaica","description":"Cooperaci\u00f3n y desarrollo sostenible  en Arag\u00f3n","potentialAction":[{"@type":"SearchAction","target":{"@type":"EntryPoint","urlTemplate":"https:\/\/distracted-northcutt.31-24-154-105.plesk.page\/fr\/?s={search_term_string}"},"query-input":{"@type":"PropertyValueSpecification","valueRequired":true,"valueName":"search_term_string"}}],"inLanguage":"fr-FR"}]}},"_links":{"self":[{"href":"https:\/\/distracted-northcutt.31-24-154-105.plesk.page\/fr\/wp-json\/wp\/v2\/pages\/231213","targetHints":{"allow":["GET"]}}],"collection":[{"href":"https:\/\/distracted-northcutt.31-24-154-105.plesk.page\/fr\/wp-json\/wp\/v2\/pages"}],"about":[{"href":"https:\/\/distracted-northcutt.31-24-154-105.plesk.page\/fr\/wp-json\/wp\/v2\/types\/page"}],"author":[{"embeddable":true,"href":"https:\/\/distracted-northcutt.31-24-154-105.plesk.page\/fr\/wp-json\/wp\/v2\/users\/2"}],"replies":[{"embeddable":true,"href":"https:\/\/distracted-northcutt.31-24-154-105.plesk.page\/fr\/wp-json\/wp\/v2\/comments?post=231213"}],"version-history":[{"count":10,"href":"https:\/\/distracted-northcutt.31-24-154-105.plesk.page\/fr\/wp-json\/wp\/v2\/pages\/231213\/revisions"}],"predecessor-version":[{"id":231244,"href":"https:\/\/distracted-northcutt.31-24-154-105.plesk.page\/fr\/wp-json\/wp\/v2\/pages\/231213\/revisions\/231244"}],"wp:attachment":[{"href":"https:\/\/distracted-northcutt.31-24-154-105.plesk.page\/fr\/wp-json\/wp\/v2\/media?parent=231213"}],"curies":[{"name":"wp","href":"https:\/\/api.w.org\/{rel}","templated":true}]}}

<p>[et_pb_section fb_built= »1&Prime; custom_padding_last_edited= »on|phone » _builder_version= »4.27.4&Prime; background_enable_color= »off » use_background_color_gradient= »on » background_color_gradient_direction= »169deg » background_color_gradient_stops= »#000000 0%|rgba(0, 0, 0, 0.67) 0%|rgba(0, 0, 0, 0.58) 80%|rgba(0, 0, 0, 0.65) 100% » background_color_gradient_overlays_image= »on » background_image= »https://distracted-northcutt.31-24-154-105.plesk.page/wp-content/uploads/2026/01/logistica-transpirenaica-1.jpg » custom_padding= »130px||130px||true|false » custom_padding_tablet= » » custom_padding_phone= »150px||80px||false|false » locked= »off » global_colors_info= »{} »][et_pb_row use_custom_gutter= »on » gutter_width= »2&Prime; make_equal= »on » _builder_version= »4.27.4&Prime; width_tablet= »90% » width_phone= »90% » width_last_edited= »off|desktop » max_width_tablet= »90% » max_width_phone= »90% » max_width_last_edited= »off|desktop » module_alignment= »center » custom_margin= »|auto||auto|false|false » custom_padding= »||||false|false » global_colors_info= »{} »][et_pb_column type= »4_4&Prime; _builder_version= »4.16&Prime; global_colors_info= »{} »][et_pb_text _builder_version= »4.27.4&Prime; _module_preset= »default » header_font= »&#8211;et_global_heading_font|800||on||||| » header_text_align= »center » header_text_color= »#FFFFFF » header_font_size= »44px » header_line_height= »1.3em » hover_enabled= »0&Prime; global_colors_info= »{} » sticky_enabled= »0&Prime;]</p>
<h1>Autoroutes ferroviaires</h1>
<p>[/et_pb_text][/et_pb_column][/et_pb_row][/et_pb_section][et_pb_section fb_built= »1&Prime; _builder_version= »4.27.4&Prime; _module_preset= »default » custom_padding= »24px||17px||| » global_colors_info= »{} »][et_pb_row _builder_version= »4.27.4&Prime; _module_preset= »default » custom_padding= »14px||||| » global_colors_info= »{} »][et_pb_column type= »4_4&Prime; _builder_version= »4.27.4&Prime; _module_preset= »default » global_colors_info= »{} »][et_pb_text _builder_version= »4.27.4&Prime; _module_preset= »default » header_2_line_height= »1.3em » text_orientation= »justified » global_colors_info= »{} »]</p>
<p>Le déploiement de l&rsquo;AAFF fait partie de l&rsquo;ensemble des actions mises en place par l&rsquo;ADIF pour augmenter le transport ferroviaire de marchandises en Espagne, conformément à son plan stratégique 2030, la stratégie de mobilité sûre, durable et connectée 2030 dont la vision est de « faire de la mobilité un droit, un élément de la cohésion sociale et de la croissance économique » approuvée en décembre 2021.</p>
<p>À l&rsquo;horizon 2030, cette stratégie, ainsi que l&rsquo;agenda urbain espagnol, serviront de base aux politiques de mobilité du MTMS au cours des dix prochaines années.</p>
<p>En outre, en mai 2022 et conformément aux propositions de l&rsquo;axe 6 de la stratégie, l&rsquo;initiative Mercancías 30 sera lancée, qui vise à promouvoir le transport ferroviaire de marchandises en tant qu&rsquo;épine dorsale des chaînes logistiques multimodales.</p>
<p>[/et_pb_text][et_pb_image src= »https://distracted-northcutt.31-24-154-105.plesk.page/wp-content/uploads/2026/02/autopistas-ferroviaria-2.jpg » title_text= »autoroutes-railways-2&Prime; show_in_lightbox= »on » _builder_version= »4.27.4&Prime; _module_preset= »default » global_colors_info= »{} »][/et_pb_image][et_pb_image src= »https://distracted-northcutt.31-24-154-105.plesk.page/wp-content/uploads/2026/02/autopistas-ferroviaria-1.jpg » title_text= »autoroutes-railways-1&Prime; show_in_lightbox= »on » _builder_version= »4.27.4&Prime; _module_preset= »default » global_colors_info= »{} »][/et_pb_image][/et_pb_column][/et_pb_row][/et_pb_section]</p>

<p>Autoroutes ferroviairesLe déploiement de l&rsquo;AAFF fait partie de l&rsquo;ensemble des actions mises en place par l&rsquo;ADIF pour augmenter le transport ferroviaire de marchandises en Espagne, [&hellip;]</p>

<!-- This site is optimized with the Yoast SEO plugin v27.4 - https://yoast.com/product/yoast-seo-wordpress/ -->
<title>Autoroutes ferroviaires - Transpirenaica</title>
<meta name="robots" content="noindex, follow, max-snippet:-1, max-image-preview:large, max-video-preview:-1" />
<meta property="og:locale" content="fr_FR" />
<meta property="og:type" content="article" />
<meta property="og:title" content="Autoroutes ferroviaires - Transpirenaica" />
<meta property="og:description" content="Autoroutes ferroviairesLe déploiement de l&#039;AAFF fait partie de l&#039;ensemble des actions mises en place par l&#039;ADIF pour augmenter le transport ferroviaire de marchandises en Espagne, [&hellip;]" />
<meta property="og:url" content="https://distracted-northcutt.31-24-154-105.plesk.page/fr/autoroutes-ferroviaires/" />
<meta property="og:site_name" content="Transpirenaica" />
<meta property="article:modified_time" content="2026-04-15T12:34:37+00:00" />
<meta name="twitter:card" content="summary_large_image" />
<meta name="twitter:label1" content="Durée de lecture estimée" />
	<meta name="twitter:data1" content="2 minutes" />
<script type="application/ld+json" class="yoast-schema-graph">{"@context":"https:\/\/schema.org","@graph":[{"@type":"WebPage","@id":"https:\/\/distracted-northcutt.31-24-154-105.plesk.page\/fr\/autoroutes-ferroviaires\/","url":"https:\/\/distracted-northcutt.31-24-154-105.plesk.page\/fr\/autoroutes-ferroviaires\/","name":"Autoroutes ferroviaires - Transpirenaica","isPartOf":{"@id":"https:\/\/distracted-northcutt.31-24-154-105.plesk.page\/fr\/#website"},"datePublished":"2026-02-13T10:58:54+00:00","dateModified":"2026-04-15T12:34:37+00:00","breadcrumb":{"@id":"https:\/\/distracted-northcutt.31-24-154-105.plesk.page\/fr\/autoroutes-ferroviaires\/#breadcrumb"},"inLanguage":"fr-FR","potentialAction":[{"@type":"ReadAction","target":["https:\/\/distracted-northcutt.31-24-154-105.plesk.page\/fr\/autoroutes-ferroviaires\/"]}]},{"@type":"BreadcrumbList","@id":"https:\/\/distracted-northcutt.31-24-154-105.plesk.page\/fr\/autoroutes-ferroviaires\/#breadcrumb","itemListElement":[{"@type":"ListItem","position":1,"name":"Portada","item":"https:\/\/distracted-northcutt.31-24-154-105.plesk.page\/fr\/"},{"@type":"ListItem","position":2,"name":"Autoroutes ferroviaires"}]},{"@type":"WebSite","@id":"https:\/\/distracted-northcutt.31-24-154-105.plesk.page\/fr\/#website","url":"https:\/\/distracted-northcutt.31-24-154-105.plesk.page\/fr\/","name":"Transpirenaica","description":"Cooperación y desarrollo sostenible  en Aragón","potentialAction":[{"@type":"SearchAction","target":{"@type":"EntryPoint","urlTemplate":"https:\/\/distracted-northcutt.31-24-154-105.plesk.page\/fr\/?s={search_term_string}"},"query-input":{"@type":"PropertyValueSpecification","valueRequired":true,"valueName":"search_term_string"}}],"inLanguage":"fr-FR"}]}</script>
<!-- / Yoast SEO plugin. -->

Autoroutes ferroviairesLe déploiement de l'AAFF fait partie de l'ensemble des actions mises en place par l'ADIF pour augmenter le transport ferroviaire de marchandises en Espagne, [&hellip;]

Cooperación y desarrollo sostenible  en Aragón
